*q(r) - 3*s(r). What is c(-2)?
-8
Let l(x) be the first derivative of x**4/4 + 4*x**3/3 + x**2/2 - 2*x - 10. What is l(-2)?
4
Let o(y) = -4*y**2 - y - 1. Suppose 0 = j + c - 2 + 6, 4 = -2*c. Calculate o(j).
-15
Let h(n) = -n + 13. Let s be h(11). Let y(f) be the third derivative of 0*f + 1/2*f**3 + f**s - 1/24*f**4 + 0 + 1/60*f**5. Calculate y(0).
3
Let k(p) be the third derivative of p**5/60 + p**4/24 + p**3/2 + 5*p**2. Give k(0).
3
Let k(x) = x**2 + 6*x + 9 + 4 - 1 - 6. Give k(-4).
-2
Let u be 39/12 + 1/(-4). Suppose 0*g = 2*g. Let t(d) = -d**2 + 4*d + g*d + d - 2 + 0. Calculate t(u).
4
Suppose -3*r - 9 = -0*r. Let j(d) = 4*d**3 + d**2 - 10*d - 8. Let g(c) = c**3 - c**2 - c - 1. Let x(y) = r*g(y) + j(y). Let b be (10/4)/(3/(-6)). What is x(b)?
5
Let t(r) be the third derivative of -2*r**2 - 1/3*r**4 + 0 + 1/60*r**5 + r**3 + 0*r. Give t(6).
-6
Suppose -4*w - 4*f - 17 = -49, w + 4*f = 23. Let o be 1 + 2 + w/3. Suppose 0 = 3*t - o*t. Let d(s) = -s + 11. Give d(t).
11
Let n be 6/9 + (-16)/(-3). Let z(l) = l**3 + 5*l**2 - 6*l + 5. Let g be z(-6). Let f(j) = -2*j - 4 + n - g - 3*j. Give f(-2).
7
Let f(v) = v**2 + 4*v + 3*v + 0*v. Determine f(-5).
-10
Let a(s) = s + 5. Let r be a(0). Let o(j) = 3*j + 3*j - r*j. Let m be 54/45*(-5)/(-2). What is o(m)?
3
Suppose -14*c = -11*c + 21. Let q(t) = -t**3 - 7*t**2 + 2*t + 2. Calculate q(c).
-12
Let q(f) = 6*f**2 + f - 1. Let n = -10 + 12. Let k be 4/(-18) + (-316)/36. Let y(d) = 25*d**2 + 4*d - 5. Let u(j) = k*q(j) + n*y(j). Give u(-1).
-4
Let x(a) = 7*a**3 - 2*a**2 - 2*a - 1. Suppose -16 = -5*t - 6. Suppose 4*c = 2*c - t. Give x(c).
-8
Let k be 2*(-1 + 2/1). Suppose 4*h = q + 2*h + 5, 5*h - 11 = 4*q. Let i(l) = -k*l + q - 2*l**3 + 4*l**2 + 0 - 4 + l**3. Calculate i(3).
0
Let h(j) = -j**3 + 5*j**2 - 5*j + 3. Let l = -5 + 9. Let u = -1 + l. Determine h(u).
6
Let v(m) = 0*m**3 + m**2 + 5*m - 1 - 1 - m**3. Suppose -a - 3*a = -36. Let p = -6 + a. Give v(p).
-5
Let d(b) = -b. Let c(t) = 1. Let i(u) = -4*c(u) - 3*d(u). Determine i(5).
11
Let q(j) be the second derivative of -1/3*j**3 - 6*j + 2*j**2 + 0. Give q(4).
-4
Let g(t) = -4*t**2 - 11*t + 4. Let x(u) = 4*u**2 + 10*u - 3. Let d(p) = 5*g(p) + 6*x(p). Let z(y) = -y**2. Let w(r) = d(r) + 5*z(r). Calculate w(6).
-4
Let y be (-2 - 39/(-3)) + 0. Suppose 5*w - 1 = -y. Let h(k) = -3*k**2 - 2*k + 2. Calculate h(w).
-6
Let h(o) be the first derivative of -5*o - 2*o**2 - 1/3*o**3 + 1. What is h(-4)?
-5
Let w(x) = -2 - 5*x - 4 + 2 + 2. Let v(p) = -10 - 6*p - 2 + 3 + 0*p**2 + p**2. Let t be v(7). Determine w(t).
8
Let h be (-10)/((-4*1)/2). Let x(f) be the first derivative of 5/3*f**3 - 1 + f - 1/4*f**4 + 1/2*f**2. What is x(h)?
6
Let a(n) = 7*n**3 + 5*n**2 + 5*n + 7. Let w(q) = q**3 + q. Let t(u) = -a(u) + 6*w(u). Calculate t(-5).
-12
Let s(y) = -5*y - 3. Let i be (0 - (-1 + -2)) + -5. Let x = 0 + i. Determine s(x).
7
Suppose -2 = -4*k + 2*y - 8, -9 = 3*k + 3*y. Let w(f) = 3*f - 2. Give w(k).
-8
Let n(y) = 4*y + 5. Let u(d) = 5*d + 5. Let o(j) = 6*n(j) - 5*u(j). Let s be 2/(-3) - (-10)/15. What is o(s)?
5
Let z(h) = -h**3 - h. Let y(c) be the first derivative of -3*c**4/2 + 4*c**3/3 - 3*c**2 + 5. Let a(j) = y(j) - 5*z(j). Give a(3).
6
Let t = -35 + 28. Let i(v) = v**3 + 6*v**2 - 9*v - 4. Calculate i(t).
10
Suppose y - 1 = 3. Let t(w) = -2 + y*w - w + w**2 - 2. Let o(c) = c**2 - 2*c - 12. Let g be o(-2). Give t(g).
0
Suppose c + 3*c + 12 = n, n + 2 = -3*c. Let i(y) = y**2 - 3*y + 2. Let a(d) = -2*d**2 + 6*d - 5. Let z(m) = 6*a(m) + 13*i(m). Calculate z(n).
0
Let c = -2 - -4. Suppose -7*b + 2*q - 34 = -3*b, 5*b - c*q + 40 = 0. Let x(j) = j + 4. Let f(m) = -m - 4. Let o(r) = 5*f(r) + 6*x(r). Determine o(b).
-2
Let p = -40 - -40. Let u(g) be the second derivative of p + g**3 + 1/12*g**4 + 1/2*g**2 - 2*g. Determine u(-5).
-4
Let p(y) = y**3 + 3*y**2 - 3*y + 5. Let t be ((-6)/4)/((-6)/16). Let q be 48/18*(-6)/t. Give p(q).
1
Let p(a) be the second derivative of a**6/720 + a**5/30 - 5*a**4/6 - 10*a. Let y(g) be the third derivative of p(g). Calculate y(-4).
0
Suppose 0 = -2*n + 3*b, 5*n = 2*n + 4*b. Let f(c) = 3*c + 1. Let k(j) = -5*j - 2. Let u(q) = 7*f(q) + 4*k(q). Determine u(n).
-1
Suppose 3*k + 13 + 2 = 0. Let b(t) be the third derivative of t**6/120 + t**5/10 + 7*t**4/24 + 5*t**3/6 - 15*t**2. Calculate b(k).
-5
Suppose -5*p + p = -20. Suppose -2*r - 10 = 5*t, 22 + 3 = -p*r - 5*t. Let d(q) = q - 2. What is d(r)?
-7
Let l = 9 - 5. Let f(o) = -4*o - 1 + 9*o - 3*o - 3*o + o**2. Give f(l).
11
Let u be (-1)/(0 - 3 - -2). Suppose 3*v + 10 = v. Let i(m) = 8*m - 4. Let g(q) = -15*q + 7. Let w(r) = v*i(r) - 3*g(r). Determine w(u).
4
Let n(k) be the third derivative of -k**5/60 - k**4/4 + k**3/6 + 3*k**2. Give n(-7).
-6
Suppose 0 = -2*f + 6*f. Let z(k) = -2*k + 12*k + 3 + k**3 - 9*k + k**2. Determine z(f).
3
Let w(q) = -q**2 - 4*q + 3. Suppose 0 = -2*f + 3*f + 5. Determine w(f).
-2
Suppose -2*i = -2*r + 6, 4*i = 3*r - 2*r - 15. Let z(u) = u**3 + 5*u**2 + 4*u + 5. Calculate z(i).
5
Let z(o) = o**3 - 6*o**2 + 3*o - 7. Let s be (-4)/18 - 6/(-27). Suppose s = 10*d - 8*d - 12. Determine z(d).
11
Suppose -2*u - 2*u = -72. Suppose 5*a = -3*d + u, 4*d + 3 = 2*a + 1. Let n(g) = -6*g + 4*g - 10 + a*g - 2*g. Calculate n(-5).
-5
Let m(w) be the first derivative of w**4/4 + w**3/3 - w**2/2 - 16*w + 8. Calculate m(0).
-16
Suppose -x + 23 = 4*v, 5 + 3 = 4*v + 4*x. Let p = v - 5. Let m(y) = -y**2 - 3*y - 2*y**p - 4 + 4 - 2. Give m(-2).
-8
Let a = 307/3 - 100. Let b(s) be the first derivative of 7/2*s**2 - 3 + 1/4*s**4 + 3*s + a*s**3. Determine b(-6).
-3
Let r(h) be the third derivative of -h**6/120 - h**5/30 - h**3/6 + 8*h**2. What is r(-3)?
8
Let d(g) = 31*g**2 + 28*g**2 + 5 - 60*g**2. What is d(-4)?
-11
Suppose t + 9 = 10. Let z(y) = 4*y**2 - 3*y. Let i(f) = -f**2. Let a(l) = t*z(l) + 3*i(l). Determine a(4).
4
Let u(d) = 4*d - 1. Let o = 2 - 2. Suppose -2*n - 1 + 7 = o. Suppose -1 = n*h - 4. What is u(h)?
3
Let g(m) = -m**3 - m**2 - m. Let u(f) = 2*f**3 + 13*f**2 + 4*f - 7. Let x(p) = 3*g(p) + u(p). Determine x(10).
3
Let r(v) be the second derivative of -v**5/20 - v**4/12 + 5*v**2/2 - v. Suppose -5*x + 12*x + 7 = 0. Let y = x - -1. Determine r(y).
5
Let r(o) be the third derivative of o**5/60 - o**4/4 + o**3/6 + 4*o**2. Let l = -13 - -18. Give r(l).
-4
Let l = 13 + -18. Let b(j) = 15*j**2 - j + 15. Let u(a) = -7*a**2 - 7. Suppose -w = 4 + 2. Let f(c) = w*b(c) - 13*u(c). What is f(l)?
-4
Let q(j) = -6*j - 1 + 5*j + 0 + 4*j. Determine q(-4).
-13
Let i(l) = l**2 - 1. Suppose -4*h - 31 = 3*z + h, -4*h - 14 = -3*z. Give i(z).
3
Let r(w) = w**2 + 6*w + 4. Let d be r(-7). Let h = d - 16. Let q(x) = -x**2 - 8*x - 4. What is q(h)?
11
Let n be 137/3 - 1/(-3). Suppose 0 = -5*r - 21 + n. Let d(o) = 5*o**2 + 3*o**3 - 4*o**3 - 3 + 9. Give d(r).
6
Let c(g) be the second derivative of g**6/72 - g**3/6 + g. Let a(y) be the second derivative of c(y). Determine a(-1).
5
Let y(i) = -i**3 - 5*i**2 - 3*i - 3. Suppose -4*q + 20 = -9*q. Calculate y(q).
-7
Let n(m) = -2*m + 5. Let a(o) = -2*o + 6. Let r(g) = 4*a(g) - 3*n(g). Calculate r(7).
-5
Let z(q) be the second derivative of -q**3/6 + 5*q**2/2 + 7*q. Calculate z(0).
5
Let a(x) = 2*x - 15. Let t be a(9). Let p(i) = i**3 - 5*i**2 + 5*i - 4. Give p(t).
-7
Let t(u) = -u - 1. Suppose 28 = -3*s - 4*y - 0*y, 3*y = 2*s + 13. Let i = s + 3. Give t(i).
4
Let n = -22 + 30. Suppose 3*v + n = -7. Let r(z) = z + 6. Calculate r(v).
1
Let f(j) = j**3 + 2*j**2 + 2*j - 2. Let u(w) = -w**3 - 6*w**2 - 5*w - 2. Suppose 5*v = 13 + 12. Suppose 3*n + v = 2*n. Let a be u(n). Give f(a).
-6
Let s(c) be the second derivative of -c**3/6 + c**2/2 - 3*c. Let b(x) = 6*x - 8. Let o(w) = b(w) + 8*s(w). Give o(6).
-12
Let w(y) = -3*y - 2*y + 3*y. Determine w(-2).
4
Let m be -1*0*(-3)/(-9). Let j(a) = -1 - a + m*a + 6*a. Calculate j(2).
9
Let z(a) be the first derivative of a**5/60 - a**4/24 - a**2 - 1. Let c(s) be the second derivative of z(s). Give c(3).
6
Let b(x) = -x**3 + 4*x**2 + 9*x - 7. Let h(v) = v**3 - 4*v**2 - 8*v + 6. Let o(f) = -6*b(f) - 7*h(f). Calculate o(4).
8
Let m(w) be the second derivative of -w**5/20 - w**4/4 - w**3/3 + w**2 + w. Let u = -1 + 1. Let n be -1*((u - -3) + -1). Determine m(n).
2
Let x = -6 + 5. Let q(j) = -2 + 6*j + 1 + 4 - 2. Calculate q(x).
-5
Let q(k) = -3*k